{"id":598,"date":"2021-11-17T16:06:40","date_gmt":"2021-11-17T15:06:40","guid":{"rendered":"https:\/\/mana-consulting.ch\/?post_type=partner&#038;p=598"},"modified":"2023-09-20T17:13:41","modified_gmt":"2023-09-20T15:13:41","slug":"solarstratos","status":"publish","type":"partner","link":"https:\/\/mana-consulting.ch\/fr\/partner\/solarstratos\/","title":{"rendered":"SolarStratos"},"content":{"rendered":"<p>Le changement climatique pousse l\u2019humanit\u00e9 \u00e0 trouver des solutions pour continuer \u00e0 vivre sur notre plan\u00e8te de mani\u00e8re durable et respectueuse de l\u2019environnement. Au niveau de la transition \u00e9nerg\u00e9tique, <strong>SolarStratos<\/strong>, dont la mission consiste \u00e0 voler avec un avion solaire <strong>\u00e0 la fronti\u00e8re de l&rsquo;espace<\/strong>, souhaite apporter cet espoir d\u2019un monde meilleur en d\u00e9montrant le potentiel de l\u2019\u00e9nergie solaire.<\/p>\n<p>Collaborer avec SolarStratos vous permettrait de <strong>cristalliser des valeurs d\u2019innovation<\/strong>, pers\u00e9v\u00e9rance et performance. Vous pourrez non seulement communiquer votre soutien \u00e0 une <strong>eco-exploration<\/strong> amen\u00e9e \u00e0 marque l\u2019Histoire mais aussi faire r\u00eaver votre communaut\u00e9 et rassembler vos \u00e9quipes autour d\u2019un <strong>projet unique<\/strong>. \u00cates-vous pr\u00eat \u00e0 embarquer \u00e0 bord de cet <strong>oiseau solaire<\/strong>?<\/p>\n<p>Rapha\u00ebl Domjan, fondateur et pilote de SolarStratos\u00a0: <em>\u00abDepuis 2011, lors de mon tour du monde avec PlanetSolar, j&rsquo;ai la chance de collaborer avec Wiktor. J&rsquo;appr\u00e9cie son engagement et l&rsquo;\u00e9nergie qu&rsquo;il insuffle \u00e0 la recherche de nos nouveaux partenaires pour nos diff\u00e9rents projets.\u00bb<\/em><\/p>\n","protected":false},"featured_media":188,"template":"","meta":{"_acf_changed":false,"footnotes":""},"categories":[14],"class_list":["post-598","partner","type-partner","status-publish","has-post-thumbnail","hentry","category-sponsoring-fr","post"],"acf":[],"yoast_head":"<!-- This site is optimized with the Yoast SEO plugin v25.6 - https:\/\/yoast.com\/wordpress\/plugins\/seo\/ -->\n<title>SolarStratos - Mana Consulting<\/title>\n<meta name=\"description\" content=\"Eco-exploration ayant pour objectif de voler dans la stratosph\u00e8re avec un avion solaire.\" \/>\n<meta name=\"robots\" content=\"index, follow, max-snippet:-1, max-image-preview:large, max-video-preview:-1\" \/>\n<link rel=\"canonical\" href=\"https:\/\/mana-consulting.ch\/fr\/partner\/solarstratos\/\" \/>\n<meta property=\"og:locale\" content=\"fr_FR\" \/>\n<meta property=\"og:type\" content=\"article\" \/>\n<meta property=\"og:title\" content=\"SolarStratos - Mana Consulting\" \/>\n<meta property=\"og:description\" content=\"Eco-exploration ayant pour objectif de voler dans la stratosph\u00e8re avec un avion solaire.\" \/>\n<meta property=\"og:url\" content=\"https:\/\/mana-consulting.ch\/fr\/partner\/solarstratos\/\" \/>\n<meta property=\"og:site_name\" content=\"Mana Consulting\" \/>\n<meta property=\"article:modified_time\" content=\"2023-09-20T15:13:41+00:00\" \/>\n<meta property=\"og:image\" content=\"https:\/\/mana-consulting.ch\/wp-content\/uploads\/2021\/09\/solarstratos-raphael-domjan-e1631867301327.jpg\" \/>\n\t<meta property=\"og:image:width\" content=\"1600\" \/>\n\t<meta property=\"og:image:height\" content=\"1067\" \/>\n\t<meta property=\"og:image:type\" content=\"image\/jpeg\" \/>\n<meta name=\"twitter:card\" content=\"summary_large_image\" \/>\n<meta name=\"twitter:label1\" content=\"Dur\u00e9e de lecture estim\u00e9e\" \/>\n\t<meta name=\"twitter:data1\" content=\"1 minute\" \/>\n<script type=\"application\/ld+json\" class=\"yoast-schema-graph\">{\"@context\":\"https:\/\/schema.org\",\"@graph\":[{\"@type\":\"WebPage\",\"@id\":\"https:\/\/mana-consulting.ch\/fr\/partner\/solarstratos\/\",\"url\":\"https:\/\/mana-consulting.ch\/fr\/partner\/solarstratos\/\",\"name\":\"SolarStratos - Mana Consulting\",\"isPartOf\":{\"@id\":\"https:\/\/mana-consulting.ch\/fr\/#website\"},\"primaryImageOfPage\":{\"@id\":\"https:\/\/mana-consulting.ch\/fr\/partner\/solarstratos\/#primaryimage\"},\"image\":{\"@id\":\"https:\/\/mana-consulting.ch\/fr\/partner\/solarstratos\/#primaryimage\"},\"thumbnailUrl\":\"https:\/\/mana-consulting.ch\/wp-content\/uploads\/2021\/09\/solarstratos-raphael-domjan-e1631867301327.jpg\",\"datePublished\":\"2021-11-17T15:06:40+00:00\",\"dateModified\":\"2023-09-20T15:13:41+00:00\",\"description\":\"Eco-exploration ayant pour objectif de voler dans la stratosph\u00e8re avec un avion solaire.\",\"breadcrumb\":{\"@id\":\"https:\/\/mana-consulting.ch\/fr\/partner\/solarstratos\/#breadcrumb\"},\"inLanguage\":\"fr-FR\",\"potentialAction\":[{\"@type\":\"ReadAction\",\"target\":[\"https:\/\/mana-consulting.ch\/fr\/partner\/solarstratos\/\"]}]},{\"@type\":\"ImageObject\",\"inLanguage\":\"fr-FR\",\"@id\":\"https:\/\/mana-consulting.ch\/fr\/partner\/solarstratos\/#primaryimage\",\"url\":\"https:\/\/mana-consulting.ch\/wp-content\/uploads\/2021\/09\/solarstratos-raphael-domjan-e1631867301327.jpg\",\"contentUrl\":\"https:\/\/mana-consulting.ch\/wp-content\/uploads\/2021\/09\/solarstratos-raphael-domjan-e1631867301327.jpg\",\"width\":1600,\"height\":1067,\"caption\":\"SolarStratos - Rapha\u00ebl Domjan, pilot. Payerne, Switzerland, 17.08.2021 \u00a9 Fred Merz | Lundi13\"},{\"@type\":\"BreadcrumbList\",\"@id\":\"https:\/\/mana-consulting.ch\/fr\/partner\/solarstratos\/#breadcrumb\",\"itemListElement\":[{\"@type\":\"ListItem\",\"position\":1,\"name\":\"Home\",\"item\":\"https:\/\/mana-consulting.ch\/fr\/\"},{\"@type\":\"ListItem\",\"position\":2,\"name\":\"SolarStratos\"}]},{\"@type\":\"WebSite\",\"@id\":\"https:\/\/mana-consulting.ch\/fr\/#website\",\"url\":\"https:\/\/mana-consulting.ch\/fr\/\",\"name\":\"Mana Consulting\",\"description\":\"Cr\u00e9er des synergies\",\"publisher\":{\"@id\":\"https:\/\/mana-consulting.ch\/fr\/#organization\"},\"potentialAction\":[{\"@type\":\"SearchAction\",\"target\":{\"@type\":\"EntryPoint\",\"urlTemplate\":\"https:\/\/mana-consulting.ch\/fr\/?s={search_term_string}\"},\"query-input\":{\"@type\":\"PropertyValueSpecification\",\"valueRequired\":true,\"valueName\":\"search_term_string\"}}],\"inLanguage\":\"fr-FR\"},{\"@type\":\"Organization\",\"@id\":\"https:\/\/mana-consulting.ch\/fr\/#organization\",\"name\":\"Mana Consulting\",\"url\":\"https:\/\/mana-consulting.ch\/fr\/\",\"logo\":{\"@type\":\"ImageObject\",\"inLanguage\":\"fr-FR\",\"@id\":\"https:\/\/mana-consulting.ch\/fr\/#\/schema\/logo\/image\/\",\"url\":\"https:\/\/mana-consulting.ch\/wp-content\/uploads\/2021\/09\/logo-mana-consulting-white-no-text-166x180px-2-e1632480034212.png\",\"contentUrl\":\"https:\/\/mana-consulting.ch\/wp-content\/uploads\/2021\/09\/logo-mana-consulting-white-no-text-166x180px-2-e1632480034212.png\",\"width\":148,\"height\":160,\"caption\":\"Mana Consulting\"},\"image\":{\"@id\":\"https:\/\/mana-consulting.ch\/fr\/#\/schema\/logo\/image\/\"}}]}<\/script>\n<!-- \/ Yoast SEO plugin. -->","yoast_head_json":{"title":"SolarStratos - Mana Consulting","description":"Eco-exploration ayant pour objectif de voler dans la stratosph\u00e8re avec un avion solaire.","robots":{"index":"index","follow":"follow","max-snippet":"max-snippet:-1","max-image-preview":"max-image-preview:large","max-video-preview":"max-video-preview:-1"},"canonical":"https:\/\/mana-consulting.ch\/fr\/partner\/solarstratos\/","og_locale":"fr_FR","og_type":"article","og_title":"SolarStratos - Mana Consulting","og_description":"Eco-exploration ayant pour objectif de voler dans la stratosph\u00e8re avec un avion solaire.","og_url":"https:\/\/mana-consulting.ch\/fr\/partner\/solarstratos\/","og_site_name":"Mana Consulting","article_modified_time":"2023-09-20T15:13:41+00:00","og_image":[{"width":1600,"height":1067,"url":"https:\/\/mana-consulting.ch\/wp-content\/uploads\/2021\/09\/solarstratos-raphael-domjan-e1631867301327.jpg","type":"image\/jpeg"}],"twitter_card":"summary_large_image","twitter_misc":{"Dur\u00e9e de lecture estim\u00e9e":"1 minute"},"schema":{"@context":"https:\/\/schema.org","@graph":[{"@type":"WebPage","@id":"https:\/\/mana-consulting.ch\/fr\/partner\/solarstratos\/","url":"https:\/\/mana-consulting.ch\/fr\/partner\/solarstratos\/","name":"SolarStratos - Mana Consulting","isPartOf":{"@id":"https:\/\/mana-consulting.ch\/fr\/#website"},"primaryImageOfPage":{"@id":"https:\/\/mana-consulting.ch\/fr\/partner\/solarstratos\/#primaryimage"},"image":{"@id":"https:\/\/mana-consulting.ch\/fr\/partner\/solarstratos\/#primaryimage"},"thumbnailUrl":"https:\/\/mana-consulting.ch\/wp-content\/uploads\/2021\/09\/solarstratos-raphael-domjan-e1631867301327.jpg","datePublished":"2021-11-17T15:06:40+00:00","dateModified":"2023-09-20T15:13:41+00:00","description":"Eco-exploration ayant pour objectif de voler dans la stratosph\u00e8re avec un avion solaire.","breadcrumb":{"@id":"https:\/\/mana-consulting.ch\/fr\/partner\/solarstratos\/#breadcrumb"},"inLanguage":"fr-FR","potentialAction":[{"@type":"ReadAction","target":["https:\/\/mana-consulting.ch\/fr\/partner\/solarstratos\/"]}]},{"@type":"ImageObject","inLanguage":"fr-FR","@id":"https:\/\/mana-consulting.ch\/fr\/partner\/solarstratos\/#primaryimage","url":"https:\/\/mana-consulting.ch\/wp-content\/uploads\/2021\/09\/solarstratos-raphael-domjan-e1631867301327.jpg","contentUrl":"https:\/\/mana-consulting.ch\/wp-content\/uploads\/2021\/09\/solarstratos-raphael-domjan-e1631867301327.jpg","width":1600,"height":1067,"caption":"SolarStratos - Rapha\u00ebl Domjan, pilot. Payerne, Switzerland, 17.08.2021 \u00a9 Fred Merz | Lundi13"},{"@type":"BreadcrumbList","@id":"https:\/\/mana-consulting.ch\/fr\/partner\/solarstratos\/#breadcrumb","itemListElement":[{"@type":"ListItem","position":1,"name":"Home","item":"https:\/\/mana-consulting.ch\/fr\/"},{"@type":"ListItem","position":2,"name":"SolarStratos"}]},{"@type":"WebSite","@id":"https:\/\/mana-consulting.ch\/fr\/#website","url":"https:\/\/mana-consulting.ch\/fr\/","name":"Mana Consulting","description":"Cr\u00e9er des synergies","publisher":{"@id":"https:\/\/mana-consulting.ch\/fr\/#organization"},"potentialAction":[{"@type":"SearchAction","target":{"@type":"EntryPoint","urlTemplate":"https:\/\/mana-consulting.ch\/fr\/?s={search_term_string}"},"query-input":{"@type":"PropertyValueSpecification","valueRequired":true,"valueName":"search_term_string"}}],"inLanguage":"fr-FR"},{"@type":"Organization","@id":"https:\/\/mana-consulting.ch\/fr\/#organization","name":"Mana Consulting","url":"https:\/\/mana-consulting.ch\/fr\/","logo":{"@type":"ImageObject","inLanguage":"fr-FR","@id":"https:\/\/mana-consulting.ch\/fr\/#\/schema\/logo\/image\/","url":"https:\/\/mana-consulting.ch\/wp-content\/uploads\/2021\/09\/logo-mana-consulting-white-no-text-166x180px-2-e1632480034212.png","contentUrl":"https:\/\/mana-consulting.ch\/wp-content\/uploads\/2021\/09\/logo-mana-consulting-white-no-text-166x180px-2-e1632480034212.png","width":148,"height":160,"caption":"Mana Consulting"},"image":{"@id":"https:\/\/mana-consulting.ch\/fr\/#\/schema\/logo\/image\/"}}]}},"_links":{"self":[{"href":"https:\/\/mana-consulting.ch\/fr\/wp-json\/wp\/v2\/partner\/598"}],"collection":[{"href":"https:\/\/mana-consulting.ch\/fr\/wp-json\/wp\/v2\/partner"}],"about":[{"href":"https:\/\/mana-consulting.ch\/fr\/wp-json\/wp\/v2\/types\/partner"}],"version-history":[{"count":1,"href":"https:\/\/mana-consulting.ch\/fr\/wp-json\/wp\/v2\/partner\/598\/revisions"}],"predecessor-version":[{"id":599,"href":"https:\/\/mana-consulting.ch\/fr\/wp-json\/wp\/v2\/partner\/598\/revisions\/599"}],"wp:featuredmedia":[{"embeddable":true,"href":"https:\/\/mana-consulting.ch\/fr\/wp-json\/wp\/v2\/media\/188"}],"wp:attachment":[{"href":"https:\/\/mana-consulting.ch\/fr\/wp-json\/wp\/v2\/media?parent=598"}],"wp:term":[{"taxonomy":"category","embeddable":true,"href":"https:\/\/mana-consulting.ch\/fr\/wp-json\/wp\/v2\/categories?post=598"}],"curies":[{"name":"wp","href":"https:\/\/api.w.org\/{rel}","templated":true}]}}

<p>Le changement climatique pousse l’humanité à trouver des solutions pour continuer à vivre sur notre planète de manière durable et respectueuse de l’environnement. Au niveau de la transition énergétique, <strong>SolarStratos</strong>, dont la mission consiste à voler avec un avion solaire <strong>à la frontière de l&rsquo;espace</strong>, souhaite apporter cet espoir d’un monde meilleur en démontrant le potentiel de l’énergie solaire.</p>
<p>Collaborer avec SolarStratos vous permettrait de <strong>cristalliser des valeurs d’innovation</strong>, persévérance et performance. Vous pourrez non seulement communiquer votre soutien à une <strong>eco-exploration</strong> amenée à marque l’Histoire mais aussi faire rêver votre communauté et rassembler vos équipes autour d’un <strong>projet unique</strong>. Êtes-vous prêt à embarquer à bord de cet <strong>oiseau solaire</strong>?</p>
<p>Raphaël Domjan, fondateur et pilote de SolarStratos : <em>«Depuis 2011, lors de mon tour du monde avec PlanetSolar, j&rsquo;ai la chance de collaborer avec Wiktor. J&rsquo;apprécie son engagement et l&rsquo;énergie qu&rsquo;il insuffle à la recherche de nos nouveaux partenaires pour nos différents projets.»</em></p>

<!-- This site is optimized with the Yoast SEO plugin v25.6 - https://yoast.com/wordpress/plugins/seo/ -->
<title>SolarStratos - Mana Consulting</title>
<meta name="description" content="Eco-exploration ayant pour objectif de voler dans la stratosphère avec un avion solaire." />
<meta name="robots" content="index, follow, max-snippet:-1, max-image-preview:large, max-video-preview:-1" />
<link rel="canonical" href="https://mana-consulting.ch/fr/partner/solarstratos/" />
<meta property="og:locale" content="fr_FR" />
<meta property="og:type" content="article" />
<meta property="og:title" content="SolarStratos - Mana Consulting" />
<meta property="og:description" content="Eco-exploration ayant pour objectif de voler dans la stratosphère avec un avion solaire." />
<meta property="og:url" content="https://mana-consulting.ch/fr/partner/solarstratos/" />
<meta property="og:site_name" content="Mana Consulting" />
<meta property="article:modified_time" content="2023-09-20T15:13:41+00:00" />
<meta property="og:image" content="https://mana-consulting.ch/wp-content/uploads/2021/09/solarstratos-raphael-domjan-e1631867301327.jpg" />
	<meta property="og:image:width" content="1600" />
	<meta property="og:image:height" content="1067" />
	<meta property="og:image:type" content="image/jpeg" />
<meta name="twitter:card" content="summary_large_image" />
<meta name="twitter:label1" content="Durée de lecture estimée" />
	<meta name="twitter:data1" content="1 minute" />
<script type="application/ld+json" class="yoast-schema-graph">{"@context":"https://schema.org","@graph":[{"@type":"WebPage","@id":"https://mana-consulting.ch/fr/partner/solarstratos/","url":"https://mana-consulting.ch/fr/partner/solarstratos/","name":"SolarStratos - Mana Consulting","isPartOf":{"@id":"https://mana-consulting.ch/fr/#website"},"primaryImageOfPage":{"@id":"https://mana-consulting.ch/fr/partner/solarstratos/#primaryimage"},"image":{"@id":"https://mana-consulting.ch/fr/partner/solarstratos/#primaryimage"},"thumbnailUrl":"https://mana-consulting.ch/wp-content/uploads/2021/09/solarstratos-raphael-domjan-e1631867301327.jpg","datePublished":"2021-11-17T15:06:40+00:00","dateModified":"2023-09-20T15:13:41+00:00","description":"Eco-exploration ayant pour objectif de voler dans la stratosphère avec un avion solaire.","breadcrumb":{"@id":"https://mana-consulting.ch/fr/partner/solarstratos/#breadcrumb"},"inLanguage":"fr-FR","potentialAction":[{"@type":"ReadAction","target":["https://mana-consulting.ch/fr/partner/solarstratos/"]}]},{"@type":"ImageObject","inLanguage":"fr-FR","@id":"https://mana-consulting.ch/fr/partner/solarstratos/#primaryimage","url":"https://mana-consulting.ch/wp-content/uploads/2021/09/solarstratos-raphael-domjan-e1631867301327.jpg","contentUrl":"https://mana-consulting.ch/wp-content/uploads/2021/09/solarstratos-raphael-domjan-e1631867301327.jpg","width":1600,"height":1067,"caption":"SolarStratos - Raphaël Domjan, pilot. Payerne, Switzerland, 17.08.2021 © Fred Merz | Lundi13"},{"@type":"BreadcrumbList","@id":"https://mana-consulting.ch/fr/partner/solarstratos/#breadcrumb","itemListElement":[{"@type":"ListItem","position":1,"name":"Home","item":"https://mana-consulting.ch/fr/"},{"@type":"ListItem","position":2,"name":"SolarStratos"}]},{"@type":"WebSite","@id":"https://mana-consulting.ch/fr/#website","url":"https://mana-consulting.ch/fr/","name":"Mana Consulting","description":"Créer des synergies","publisher":{"@id":"https://mana-consulting.ch/fr/#organization"},"potentialAction":[{"@type":"SearchAction","target":{"@type":"EntryPoint","urlTemplate":"https://mana-consulting.ch/fr/?s={search_term_string}"},"query-input":{"@type":"PropertyValueSpecification","valueRequired":true,"valueName":"search_term_string"}}],"inLanguage":"fr-FR"},{"@type":"Organization","@id":"https://mana-consulting.ch/fr/#organization","name":"Mana Consulting","url":"https://mana-consulting.ch/fr/","logo":{"@type":"ImageObject","inLanguage":"fr-FR","@id":"https://mana-consulting.ch/fr/#/schema/logo/image/","url":"https://mana-consulting.ch/wp-content/uploads/2021/09/logo-mana-consulting-white-no-text-166x180px-2-e1632480034212.png","contentUrl":"https://mana-consulting.ch/wp-content/uploads/2021/09/logo-mana-consulting-white-no-text-166x180px-2-e1632480034212.png","width":148,"height":160,"caption":"Mana Consulting"},"image":{"@id":"https://mana-consulting.ch/fr/#/schema/logo/image/"}}]}</script>
<!-- / Yoast SEO plugin. -->

Eco-exploration ayant pour objectif de voler dans la stratosphère avec un avion solaire.

SolarStratos - Raphaël Domjan, pilot. Payerne, Switzerland, 17.08.2021 © Fred Merz | Lundi13

Créer des synergies
